{"id":1237,"date":"2022-05-04T10:17:43","date_gmt":"2022-05-04T08:17:43","guid":{"rendered":"https:\/\/www.pielgrzymka.bydgoszcz.pl\/?page_id=1237"},"modified":"2022-05-04T10:17:43","modified_gmt":"2022-05-04T08:17:43","slug":"rozmieszczenie-grup-osrodkow-duszpasterskich","status":"publish","type":"page","link":"https:\/\/www.pielgrzymka.bydgoszcz.pl\/?page_id=1237","title":{"rendered":"Rozmieszczenie grup &#8211; o\u015brodk\u00f3w duszpasterskich"},"content":{"rendered":"\n<p>Je\u015bli szukasz grupy pielgrzymkowej w swojej okolicy, mo\u017cesz skorzysta\u0107 z mapki poni\u017cej. Ka\u017cda grupa ma przypisany teren, za kt\u00f3ry jest duszpastersko odpowiedzialna.<\/p>\n\n\n\n<figure class=\"wp-block-image size-large\"><img loading=\"lazy\" decoding=\"async\" width=\"1024\" height=\"706\" src=\"https:\/\/www.pielgrzymka.bydgoszcz.pl\/wp-content\/uploads\/2022\/05\/Diecezja_Bydgoska_mapa-1024x706.jpg\" alt=\"Diecezja\" class=\"wp-image-1238\" srcset=\"https:\/\/www.pielgrzymka.bydgoszcz.pl\/wp-content\/uploads\/2022\/05\/Diecezja_Bydgoska_mapa-1024x706.jpg 1024w, https:\/\/www.pielgrzymka.bydgoszcz.pl\/wp-content\/uploads\/2022\/05\/Diecezja_Bydgoska_mapa-300x207.jpg 300w, https:\/\/www.pielgrzymka.bydgoszcz.pl\/wp-content\/uploads\/2022\/05\/Diecezja_Bydgoska_mapa-768x530.jpg 768w, https:\/\/www.pielgrzymka.bydgoszcz.pl\/wp-content\/uploads\/2022\/05\/Diecezja_Bydgoska_mapa-1536x1059.jpg 1536w, https:\/\/www.pielgrzymka.bydgoszcz.pl\/wp-content\/uploads\/2022\/05\/Diecezja_Bydgoska_mapa-676x466.jpg 676w, https:\/\/www.pielgrzymka.bydgoszcz.pl\/wp-content\/uploads\/2022\/05\/Diecezja_Bydgoska_mapa.jpg 1969w\" sizes=\"auto, (max-width: 1024px) 100vw, 1024px\" \/><\/figure>\n","protected":false},"excerpt":{"rendered":"<p>Je\u015bli szukasz grupy pielgrzymkowej w swojej okolicy, mo\u017cesz skorzysta\u0107 z mapki poni\u017cej. Ka\u017cda grupa ma przypisany teren, za kt\u00f3ry jest duszpastersko odpowiedzialna.<\/p>\n","protected":false},"author":3,"featured_media":0,"parent":60,"menu_order":0,"comment_status":"closed","ping_status":"closed","template":"","meta":{"footnotes":""},"class_list":["post-1237","page","type-page","status-publish","hentry","post-preview"],"jetpack_sharing_enabled":true,"_links":{"self":[{"href":"https:\/\/www.pielgrzymka.bydgoszcz.pl\/index.php?rest_route=\/wp\/v2\/pages\/1237","targetHints":{"allow":["GET"]}}],"collection":[{"href":"https:\/\/www.pielgrzymka.bydgoszcz.pl\/index.php?rest_route=\/wp\/v2\/pages"}],"about":[{"href":"https:\/\/www.pielgrzymka.bydgoszcz.pl\/index.php?rest_route=\/wp\/v2\/types\/page"}],"author":[{"embeddable":true,"href":"https:\/\/www.pielgrzymka.bydgoszcz.pl\/index.php?rest_route=\/wp\/v2\/users\/3"}],"replies":[{"embeddable":true,"href":"https:\/\/www.pielgrzymka.bydgoszcz.pl\/index.php?rest_route=%2Fwp%2Fv2%2Fcomments&post=1237"}],"version-history":[{"count":1,"href":"https:\/\/www.pielgrzymka.bydgoszcz.pl\/index.php?rest_route=\/wp\/v2\/pages\/1237\/revisions"}],"predecessor-version":[{"id":1239,"href":"https:\/\/www.pielgrzymka.bydgoszcz.pl\/index.php?rest_route=\/wp\/v2\/pages\/1237\/revisions\/1239"}],"up":[{"embeddable":true,"href":"https:\/\/www.pielgrzymka.bydgoszcz.pl\/index.php?rest_route=\/wp\/v2\/pages\/60"}],"wp:attachment":[{"href":"https:\/\/www.pielgrzymka.bydgoszcz.pl\/index.php?rest_route=%2Fwp%2Fv2%2Fmedia&parent=1237"}],"curies":[{"name":"wp","href":"https:\/\/api.w.org\/{rel}","templated":true}]}}

Rozmieszczenie grup &#8211; ośrodków duszpasterskich

<p>Jeśli szukasz grupy pielgrzymkowej w swojej okolicy, możesz skorzystać z mapki poniżej. Każda grupa ma przypisany teren, za który jest duszpastersko odpowiedzialna.</p>



<figure class="wp-block-image size-large"><img loading="lazy" decoding="async" width="1024" height="706" src="https://www.pielgrzymka.bydgoszcz.pl/wp-content/uploads/2022/05/Diecezja_Bydgoska_mapa-1024x706.jpg" alt="Diecezja" class="wp-image-1238" srcset="https://www.pielgrzymka.bydgoszcz.pl/wp-content/uploads/2022/05/Diecezja_Bydgoska_mapa-1024x706.jpg 1024w, https://www.pielgrzymka.bydgoszcz.pl/wp-content/uploads/2022/05/Diecezja_Bydgoska_mapa-300x207.jpg 300w, https://www.pielgrzymka.bydgoszcz.pl/wp-content/uploads/2022/05/Diecezja_Bydgoska_mapa-768x530.jpg 768w, https://www.pielgrzymka.bydgoszcz.pl/wp-content/uploads/2022/05/Diecezja_Bydgoska_mapa-1536x1059.jpg 1536w, https://www.pielgrzymka.bydgoszcz.pl/wp-content/uploads/2022/05/Diecezja_Bydgoska_mapa-676x466.jpg 676w, https://www.pielgrzymka.bydgoszcz.pl/wp-content/uploads/2022/05/Diecezja_Bydgoska_mapa.jpg 1969w" sizes="auto, (max-width: 1024px) 100vw, 1024px" /></figure>

<p>Jeśli szukasz grupy pielgrzymkowej w swojej okolicy, możesz skorzystać z mapki poniżej. Każda grupa ma przypisany teren, za który jest duszpastersko odpowiedzialna.</p>
