{"id":230,"date":"2020-05-13T15:53:02","date_gmt":"2020-05-13T13:53:02","guid":{"rendered":"https:\/\/pielgbdg.wordpress.com\/?page_id=230"},"modified":"2023-07-08T21:49:47","modified_gmt":"2023-07-08T19:49:47","slug":"brazowa","status":"publish","type":"page","link":"https:\/\/www.pielgrzymka.bydgoszcz.pl\/?page_id=230","title":{"rendered":"Br\u0105zowa"},"content":{"rendered":"\n<div class=\"wp-block-jetpack-slideshow aligncenter\" data-effect=\"slide\"><div class=\"wp-block-jetpack-slideshow_container swiper-container\"><ul class=\"wp-block-jetpack-slideshow_swiper-wrapper swiper-wrapper\"><li class=\"wp-block-jetpack-slideshow_slide swiper-slide\"><figure><img loading=\"lazy\" decoding=\"async\" width=\"960\" height=\"541\" alt=\"\" class=\"wp-block-jetpack-slideshow_image wp-image-303\" data-id=\"303\" src=\"https:\/\/www.pielgrzymka.bydgoszcz.pl\/wp-content\/uploads\/2020\/05\/6.jpg\" srcset=\"https:\/\/www.pielgrzymka.bydgoszcz.pl\/wp-content\/uploads\/2020\/05\/6.jpg 960w, https:\/\/www.pielgrzymka.bydgoszcz.pl\/wp-content\/uploads\/2020\/05\/6-300x169.jpg 300w, https:\/\/www.pielgrzymka.bydgoszcz.pl\/wp-content\/uploads\/2020\/05\/6-768x433.jpg 768w\" sizes=\"auto, (max-width: 960px) 100vw, 960px\" \/><\/figure><\/li><li class=\"wp-block-jetpack-slideshow_slide swiper-slide\"><figure><img loading=\"lazy\" decoding=\"async\" width=\"960\" height=\"720\" alt=\"\" class=\"wp-block-jetpack-slideshow_image wp-image-302\" data-id=\"302\" src=\"https:\/\/www.pielgrzymka.bydgoszcz.pl\/wp-content\/uploads\/2020\/05\/5.jpg\" srcset=\"https:\/\/www.pielgrzymka.bydgoszcz.pl\/wp-content\/uploads\/2020\/05\/5.jpg 960w, https:\/\/www.pielgrzymka.bydgoszcz.pl\/wp-content\/uploads\/2020\/05\/5-300x225.jpg 300w, https:\/\/www.pielgrzymka.bydgoszcz.pl\/wp-content\/uploads\/2020\/05\/5-768x576.jpg 768w\" sizes=\"auto, (max-width: 960px) 100vw, 960px\" \/><\/figure><\/li><li class=\"wp-block-jetpack-slideshow_slide swiper-slide\"><figure><img loading=\"lazy\" decoding=\"async\" width=\"960\" height=\"720\" alt=\"\" class=\"wp-block-jetpack-slideshow_image wp-image-299\" data-id=\"299\" src=\"https:\/\/www.pielgrzymka.bydgoszcz.pl\/wp-content\/uploads\/2020\/05\/3.jpg\" srcset=\"https:\/\/www.pielgrzymka.bydgoszcz.pl\/wp-content\/uploads\/2020\/05\/3.jpg 960w, https:\/\/www.pielgrzymka.bydgoszcz.pl\/wp-content\/uploads\/2020\/05\/3-300x225.jpg 300w, https:\/\/www.pielgrzymka.bydgoszcz.pl\/wp-content\/uploads\/2020\/05\/3-768x576.jpg 768w\" sizes=\"auto, (max-width: 960px) 100vw, 960px\" \/><\/figure><\/li><li class=\"wp-block-jetpack-slideshow_slide swiper-slide\"><figure><img loading=\"lazy\" decoding=\"async\" width=\"960\" height=\"720\" alt=\"\" class=\"wp-block-jetpack-slideshow_image wp-image-297\" data-id=\"297\" src=\"https:\/\/www.pielgrzymka.bydgoszcz.pl\/wp-content\/uploads\/2020\/05\/1.jpg\" srcset=\"https:\/\/www.pielgrzymka.bydgoszcz.pl\/wp-content\/uploads\/2020\/05\/1.jpg 960w, https:\/\/www.pielgrzymka.bydgoszcz.pl\/wp-content\/uploads\/2020\/05\/1-300x225.jpg 300w, https:\/\/www.pielgrzymka.bydgoszcz.pl\/wp-content\/uploads\/2020\/05\/1-768x576.jpg 768w\" sizes=\"auto, (max-width: 960px) 100vw, 960px\" \/><\/figure><\/li><\/ul><a class=\"wp-block-jetpack-slideshow_button-prev swiper-button-prev swiper-button-white\" role=\"button\"><\/a><a class=\"wp-block-jetpack-slideshow_button-next swiper-button-next swiper-button-white\" role=\"button\"><\/a><a aria-label=\"Pause Slideshow\" class=\"wp-block-jetpack-slideshow_button-pause\" role=\"button\"><\/a><div class=\"wp-block-jetpack-slideshow_pagination swiper-pagination swiper-pagination-white\"><\/div><\/div><\/div>\n\n\n\n<p>Pierwszy raz wyrusza pod Sztandarem Chrystusa Kr\u00f3la z bydgoskiego B\u0142onia na pocz\u0105tku lat 80-tych, a jej pierwszym przewodnikiem by\u0142 ks. Marian Zalewski. P\u00f3\u017aniej grupie przewodzili m.in Tomasz Peta, obecny abp. w Astanie, ks. Tadeusz Kwitowski, ks. Wenacjusz Zmuda, ks. Zdzis\u0142aw Lachuta, ks. Krzysztof Danowski, ks. Pawe\u0142 Zalewski, obecny Ojciec Duchowy pielgrzymki, ks. Marcin Szuter i ks. Aleksander Modrak.<\/p>\n\n\n\n<p>Grupa br\u0105zowa zawsze nale\u017ca\u0142a do bardzo licznych. Liczba p\u0105tnik\u00f3w si\u0119ga\u0142a nawet do 400 pielgrzym\u00f3w. To grupa, kt\u00f3rej rytm jest wyznaczany przez Msze \u015awi\u0119t\u0105, modlitw\u0119, konferencje, czytanie duchowe, muzyk\u0119 i \u015bpiew, a tak\u017ce czas dla bli\u017aniego, kt\u00f3rego nigdy nie brakuje. &nbsp;W grupie pielgrzymuj\u0105 m\u0142odsi i starsi, ale wszyscy buduj\u0105 rodzinn\u0105 wsp\u00f3lnot\u0119. W s\u0142o\u0144cu, w deszczu, ale zawsze ze \u015bpiewem na ustach idziemy do Matki Bo\u017cej, by podzi\u0119kowa\u0107, prosi\u0107 i wychwala\u0107, prze\u017cywaj\u0105c czas prawdziwych rekolekcji w drodze!<\/p>\n\n\n\n<p>\u201eCzekolady\u201d, bo tak potocznie m\u00f3wi si\u0119 o tej grupie maj\u0105 sw\u00f3j charakterystyczny hymn napisany m.in. przez Katarzyn\u0119 Go\u0142\u0119biewsk\u0105, obecnie siostr\u0119 Benedyktynk\u0119 Weronik\u0119 w Klasztorze w \u017barnowcu. &nbsp;<\/p>\n\n\n\n<p>1. Idziemy do Ciebie Matko Bo\u017ca\u00a0<\/p>\n\n\n\n<p>Cho\u0107 serca pe\u0142ne z\u0142ych nastroj\u00f3w<\/p>\n\n\n\n<p>W Tobie ostoja nasza jedyna<\/p>\n\n\n\n<p>Maryjo, Kr\u00f3lowo Pokoju.<\/p>\n\n\n\n<p>Ref. Br\u0105zowa Grupa zawsze z Chrystusem<\/p>\n\n\n\n<p>Z\u0142o dobrem zwyci\u0119\u017ca\u0107 b\u0119dzie<\/p>\n\n\n\n<p>Chcemy Maryjo, my Twoje dzieci<\/p>\n\n\n\n<p>Mi\u0142o\u015b\u0107 i Prawd\u0119 mie\u0107 wsz\u0119dzie.<\/p>\n\n\n\n<p>2. Od Matki Bo\u017cej Pi\u0119knej Mi\u0142o\u015bci,<\/p>\n\n\n\n<p>Kt\u00f3ra Bydgoszcz\u0105 si\u0119 opiekuje<\/p>\n\n\n\n<p>Wyruszyli\u015bmy na Jasn\u0105 G\u00f3r\u0119,<\/p>\n\n\n\n<p>Gdzie ka\u017cdy wolnym si\u0119 czuje.<\/p>\n\n\n\n<p>3. Do tronu Matki Cz\u0119stochowskiej<\/p>\n\n\n\n<p>M\u0142odzi i Pok\u00f3j id\u0105 razem.<\/p>\n\n\n\n<p>W roku (pokuty) Kr\u00f3lowo \u015awiata<\/p>\n\n\n\n<p>M\u0142odo\u015b\u0107 niesiemy Ci w darze.<\/p>\n\n\n\n<p>4. A gdy do dom\u00f3w naszych wr\u00f3cimy<\/p>\n\n\n\n<p>Pe\u0142ni nadziei, wiary i mocy<\/p>\n\n\n\n<p>B\u0119dziemy co dzie\u0144 z\u0142\u0105czeni z Tob\u0105<\/p>\n\n\n\n<p>Matko ku dobru kroczy\u0107.<\/p>\n\n\n\n<p><\/p>\n\n\n\n<p>Obecnie przewodnikiem grupy jest, ks. \u0141ukasz Kucharski.<\/p>\n\n\n\n<p>Strona grupy br\u0105zowej na FB:<\/p>\n\n\n\n<p><a href=\"https:\/\/www.facebook.com\/profile.php?id=100093200924599\">https:\/\/www.facebook.com\/profile.php?id=100093200924599<\/a><\/p>\n","protected":false},"excerpt":{"rendered":"<p>Pierwszy raz wyrusza pod Sztandarem Chrystusa Kr\u00f3la z bydgoskiego B\u0142onia na pocz\u0105tku lat 80-tych, a jej pierwszym przewodnikiem by\u0142 ks. Marian Zalewski. P\u00f3\u017aniej grupie przewodzili m.in Tomasz Peta, obecny abp. w Astanie, ks. Tadeusz Kwitowski, ks. Wenacjusz Zmuda, ks. Zdzis\u0142aw Lachuta, ks. Krzysztof Danowski, ks. Pawe\u0142 Zalewski, obecny Ojciec Duchowy pielgrzymki, ks. Marcin Szuter i [&hellip;]<\/p>\n","protected":false},"author":3,"featured_media":0,"parent":60,"menu_order":5,"comment_status":"closed","ping_status":"closed","template":"","meta":{"footnotes":""},"class_list":["post-230","page","type-page","status-publish","hentry","post-preview"],"jetpack_sharing_enabled":true,"_links":{"self":[{"href":"https:\/\/www.pielgrzymka.bydgoszcz.pl\/index.php?rest_route=\/wp\/v2\/pages\/230","targetHints":{"allow":["GET"]}}],"collection":[{"href":"https:\/\/www.pielgrzymka.bydgoszcz.pl\/index.php?rest_route=\/wp\/v2\/pages"}],"about":[{"href":"https:\/\/www.pielgrzymka.bydgoszcz.pl\/index.php?rest_route=\/wp\/v2\/types\/page"}],"author":[{"embeddable":true,"href":"https:\/\/www.pielgrzymka.bydgoszcz.pl\/index.php?rest_route=\/wp\/v2\/users\/3"}],"replies":[{"embeddable":true,"href":"https:\/\/www.pielgrzymka.bydgoszcz.pl\/index.php?rest_route=%2Fwp%2Fv2%2Fcomments&post=230"}],"version-history":[{"count":12,"href":"https:\/\/www.pielgrzymka.bydgoszcz.pl\/index.php?rest_route=\/wp\/v2\/pages\/230\/revisions"}],"predecessor-version":[{"id":1524,"href":"https:\/\/www.pielgrzymka.bydgoszcz.pl\/index.php?rest_route=\/wp\/v2\/pages\/230\/revisions\/1524"}],"up":[{"embeddable":true,"href":"https:\/\/www.pielgrzymka.bydgoszcz.pl\/index.php?rest_route=\/wp\/v2\/pages\/60"}],"wp:attachment":[{"href":"https:\/\/www.pielgrzymka.bydgoszcz.pl\/index.php?rest_route=%2Fwp%2Fv2%2Fmedia&parent=230"}],"curies":[{"name":"wp","href":"https:\/\/api.w.org\/{rel}","templated":true}]}}