{"id":370,"date":"2020-05-19T11:51:33","date_gmt":"2020-05-19T09:51:33","guid":{"rendered":"https:\/\/pielgbdg.wordpress.com\/?page_id=370"},"modified":"2026-04-11T13:11:33","modified_gmt":"2026-04-11T11:11:33","slug":"dzien-1-21-07","status":"publish","type":"page","link":"https:\/\/www.pielgrzymka.bydgoszcz.pl\/?page_id=370","title":{"rendered":"dzie\u0144 1 (21.07)"},"content":{"rendered":"\n<p><strong>Bydgoszcz \u2013 Z\u0142otniki Kujawskie (30 km)<br><\/strong>Msza \u015aw. w Katedrze: godz. 6.00<br>Wyj\u015bcie grup: godz. 7:00<\/p>\n\n\n\n<ol class=\"wp-block-list\">\n<li>Bydgoszcz (Katedra) \u2013 Piecki (Parking le\u015bny) 10,2 km<\/li>\n\n\n\n<li>Piecki (Parking le\u015bny) &#8211; Piecki (pla\u017ca) &#8211; 4,4 km <\/li>\n\n\n\n<li>Piecki (pla\u017ca) &#8211; Nowa Wie\u015b Wielka (ko\u015bci\u00f3\u0142, obiad) 6,9 km<\/li>\n\n\n\n<li>Nowa Wie\u015b Wielka \u2013 Z\u0142otniki Kujawskie 8,5 km<\/li>\n<\/ol>\n\n\n<p><iframe loading=\"lazy\" src=\"https:\/\/www.google.com\/maps\/d\/u\/2\/embed?mid=1b41aQnznDSvHxgSx_ej0E9V48oVTY_U&amp;ehbc=2E312F\" width=\"640\" height=\"480\"><\/iframe><\/p>\n\n\n<div class=\"wp-block-columns is-layout-flex wp-container-core-columns-is-layout-9d6595d7 wp-block-columns-is-layout-flex\">\n<div class=\"wp-block-column is-layout-flow wp-block-column-is-layout-flow\"><\/div>\n\n\n\n<div class=\"wp-block-column is-layout-flow wp-block-column-is-layout-flow\">\n<p><strong><a href=\"https:\/\/www.pielgrzymka.bydgoszcz.pl\/?page_id=372\">Dzie\u0144 2 &gt;&gt;<\/a><\/strong><\/p>\n<\/div>\n<\/div>\n","protected":false},"excerpt":{"rendered":"<p>Bydgoszcz \u2013 Z\u0142otniki Kujawskie (30 km)Msza \u015aw. w Katedrze: godz. 6.00Wyj\u015bcie grup: godz. 7:00 Dzie\u0144 2 &gt;&gt;<\/p>\n","protected":false},"author":3,"featured_media":0,"parent":0,"menu_order":1,"comment_status":"closed","ping_status":"closed","template":"","meta":{"footnotes":""},"class_list":["post-370","page","type-page","status-publish","hentry","post-preview"],"jetpack_sharing_enabled":true,"_links":{"self":[{"href":"https:\/\/www.pielgrzymka.bydgoszcz.pl\/index.php?rest_route=\/wp\/v2\/pages\/370","targetHints":{"allow":["GET"]}}],"collection":[{"href":"https:\/\/www.pielgrzymka.bydgoszcz.pl\/index.php?rest_route=\/wp\/v2\/pages"}],"about":[{"href":"https:\/\/www.pielgrzymka.bydgoszcz.pl\/index.php?rest_route=\/wp\/v2\/types\/page"}],"author":[{"embeddable":true,"href":"https:\/\/www.pielgrzymka.bydgoszcz.pl\/index.php?rest_route=\/wp\/v2\/users\/3"}],"replies":[{"embeddable":true,"href":"https:\/\/www.pielgrzymka.bydgoszcz.pl\/index.php?rest_route=%2Fwp%2Fv2%2Fcomments&post=370"}],"version-history":[{"count":29,"href":"https:\/\/www.pielgrzymka.bydgoszcz.pl\/index.php?rest_route=\/wp\/v2\/pages\/370\/revisions"}],"predecessor-version":[{"id":1787,"href":"https:\/\/www.pielgrzymka.bydgoszcz.pl\/index.php?rest_route=\/wp\/v2\/pages\/370\/revisions\/1787"}],"wp:attachment":[{"href":"https:\/\/www.pielgrzymka.bydgoszcz.pl\/index.php?rest_route=%2Fwp%2Fv2%2Fmedia&parent=370"}],"curies":[{"name":"wp","href":"https:\/\/api.w.org\/{rel}","templated":true}]}}