{"id":376,"date":"2020-05-19T11:54:20","date_gmt":"2020-05-19T09:54:20","guid":{"rendered":"https:\/\/pielgbdg.wordpress.com\/?page_id=376"},"modified":"2026-04-11T13:12:15","modified_gmt":"2026-04-11T11:12:15","slug":"dzien-4-24-07","status":"publish","type":"page","link":"https:\/\/www.pielgrzymka.bydgoszcz.pl\/?page_id=376","title":{"rendered":"dzie\u0144 4 (24.07)"},"content":{"rendered":"\n<p><strong>\u015alesin &#8211; Kramsk (20 km)<\/strong><br>Wyj\u015bcie grup: godz. 7.30<\/p>\n\n\n\n<p>1. \u015alesin &#8211; Liche\u0144 (Msza \u015aw. , obiad) 8,4 km<br>2. Liche\u0144 \u2013 \u015awi\u0119ciec (szko\u0142a) 6,3 km<br>3. \u015awi\u0119ciec &#8211; Kramsk 5,3 km (nocleg)<\/p>\n\n\n\n<p><\/p>\n\n\n<p><iframe loading=\"lazy\" src=\"https:\/\/www.google.com\/maps\/d\/u\/2\/embed?mid=17r9L2LSnjJMnJT4UX6McEbSKr5YBarY&amp;ehbc=2E312F\" width=\"640\" height=\"480\"><\/iframe><\/p>\n\n\n<div class=\"wp-block-columns is-layout-flex wp-container-core-columns-is-layout-9d6595d7 wp-block-columns-is-layout-flex\">\n<div class=\"wp-block-column is-layout-flow wp-block-column-is-layout-flow\">\n<p><strong><a href=\"https:\/\/www.pielgrzymka.bydgoszcz.pl\/?page_id=374\">&lt;&lt;Dzie\u0144 3<\/a><\/strong><\/p>\n<\/div>\n\n\n\n<div class=\"wp-block-column is-layout-flow wp-block-column-is-layout-flow\">\n<p class=\"has-text-align-left\"><strong><a href=\"https:\/\/www.pielgrzymka.bydgoszcz.pl\/?page_id=378\">Dzie\u0144 5&gt;&gt;<\/a><\/strong><\/p>\n<\/div>\n<\/div>\n\n\n\n<p><\/p>\n","protected":false},"excerpt":{"rendered":"<p>\u015alesin &#8211; Kramsk (20 km)Wyj\u015bcie grup: godz. 7.30 1. \u015alesin &#8211; Liche\u0144 (Msza \u015aw. , obiad) 8,4 km2. Liche\u0144 \u2013 \u015awi\u0119ciec (szko\u0142a) 6,3 km3. \u015awi\u0119ciec &#8211; Kramsk 5,3 km (nocleg) &lt;&lt;Dzie\u0144 3 Dzie\u0144 5&gt;&gt;<\/p>\n","protected":false},"author":3,"featured_media":0,"parent":0,"menu_order":4,"comment_status":"closed","ping_status":"closed","template":"","meta":{"footnotes":""},"class_list":["post-376","page","type-page","status-publish","hentry","post-preview"],"jetpack_sharing_enabled":true,"_links":{"self":[{"href":"https:\/\/www.pielgrzymka.bydgoszcz.pl\/index.php?rest_route=\/wp\/v2\/pages\/376","targetHints":{"allow":["GET"]}}],"collection":[{"href":"https:\/\/www.pielgrzymka.bydgoszcz.pl\/index.php?rest_route=\/wp\/v2\/pages"}],"about":[{"href":"https:\/\/www.pielgrzymka.bydgoszcz.pl\/index.php?rest_route=\/wp\/v2\/types\/page"}],"author":[{"embeddable":true,"href":"https:\/\/www.pielgrzymka.bydgoszcz.pl\/index.php?rest_route=\/wp\/v2\/users\/3"}],"replies":[{"embeddable":true,"href":"https:\/\/www.pielgrzymka.bydgoszcz.pl\/index.php?rest_route=%2Fwp%2Fv2%2Fcomments&post=376"}],"version-history":[{"count":27,"href":"https:\/\/www.pielgrzymka.bydgoszcz.pl\/index.php?rest_route=\/wp\/v2\/pages\/376\/revisions"}],"predecessor-version":[{"id":1790,"href":"https:\/\/www.pielgrzymka.bydgoszcz.pl\/index.php?rest_route=\/wp\/v2\/pages\/376\/revisions\/1790"}],"wp:attachment":[{"href":"https:\/\/www.pielgrzymka.bydgoszcz.pl\/index.php?rest_route=%2Fwp%2Fv2%2Fmedia&parent=376"}],"curies":[{"name":"wp","href":"https:\/\/api.w.org\/{rel}","templated":true}]}}

dzień 4 (24.07)

<p><strong>Ślesin &#8211; Kramsk (20 km)</strong><br>Wyjście grup: godz. 7.30</p>



<p>1. Ślesin &#8211; Licheń (Msza Św. , obiad) 8,4 km<br>2. Licheń – Święciec (szkoła) 6,3 km<br>3. Święciec &#8211; Kramsk 5,3 km (nocleg)</p>



<p></p>


<p><iframe loading="lazy" src="https://www.google.com/maps/d/u/2/embed?mid=17r9L2LSnjJMnJT4UX6McEbSKr5YBarY&amp;ehbc=2E312F" width="640" height="480"></iframe></p>


<div class="wp-block-columns is-layout-flex wp-container-core-columns-is-layout-9d6595d7 wp-block-columns-is-layout-flex">
<div class="wp-block-column is-layout-flow wp-block-column-is-layout-flow">
<p><strong><a href="https://www.pielgrzymka.bydgoszcz.pl/?page_id=374">&lt;&lt;Dzień 3</a></strong></p>
</div>



<div class="wp-block-column is-layout-flow wp-block-column-is-layout-flow">
<p class="has-text-align-left"><strong><a href="https://www.pielgrzymka.bydgoszcz.pl/?page_id=378">Dzień 5&gt;&gt;</a></strong></p>
</div>
</div>



<p></p>

<p>Ślesin &#8211; Kramsk (20 km)Wyjście grup: godz. 7.30 1. Ślesin &#8211; Licheń (Msza Św. , obiad) 8,4 km2. Licheń – Święciec (szkoła) 6,3 km3. Święciec &#8211; Kramsk 5,3 km (nocleg) &lt;&lt;Dzień 3 Dzień 5&gt;&gt;</p>
