{"id":386,"date":"2020-05-19T11:57:50","date_gmt":"2020-05-19T09:57:50","guid":{"rendered":"https:\/\/pielgbdg.wordpress.com\/?page_id=386"},"modified":"2026-04-11T13:13:28","modified_gmt":"2026-04-11T11:13:28","slug":"dzien-9-29-07","status":"publish","type":"page","link":"https:\/\/www.pielgrzymka.bydgoszcz.pl\/?page_id=386","title":{"rendered":"dzie\u0144 9 (29.07)"},"content":{"rendered":"\n<p><strong>Widawa \u2013 Paj\u0119czno (38,7 km)<\/strong><br>wyj\u015bcie grup: godz. 6:00<br>1. Widawa \u2013 Ochle 7,9 km<br>2. Ochle \u2013 D\u0119by Wolskie (\u0142\u0105ka) 8,9 km<br>3. D\u0119by Wolskie \u2013 Kie\u0142czyg\u0142\u00f3w (ko\u015bci\u00f3\u0142 pw. \u015aw. Antoniego z Padwy, Msza \u015aw., obiad) 8,3 km<br>4. Kie\u0142czyg\u0142\u00f3w &#8211; Bia\u0142a Szlachecka (ko\u015bci\u00f3\u0142 pw. \u015aw. Jana Chrzciciela) 7,8 km<br>5. Bia\u0142a Szlachecka &#8211; Paj\u0119czno 5,8 km<\/p>\n\n\n<p><iframe loading=\"lazy\" src=\"https:\/\/www.google.com\/maps\/d\/u\/1\/embed?mid=11ITuxhkUOQ1kkyg6NMftFXmUdIN4XO0&amp;ehbc=2E312F&amp;noprof=1\" width=\"640\" height=\"480\"><\/iframe><\/p>\n\n\n<div class=\"wp-block-columns is-layout-flex wp-container-core-columns-is-layout-9d6595d7 wp-block-columns-is-layout-flex\">\n<div class=\"wp-block-column is-layout-flow wp-block-column-is-layout-flow\">\n<p><strong><a href=\"https:\/\/www.pielgrzymka.bydgoszcz.pl\/?page_id=384\">&lt;&lt;Dzie\u0144 8<\/a><\/strong><\/p>\n<\/div>\n\n\n\n<div class=\"wp-block-column is-layout-flow wp-block-column-is-layout-flow\">\n<p class=\"has-text-align-left\"><strong><a href=\"https:\/\/www.pielgrzymka.bydgoszcz.pl\/?page_id=388\">Dzie\u0144 10&gt;&gt;<\/a><\/strong><\/p>\n<\/div>\n<\/div>\n","protected":false},"excerpt":{"rendered":"<p>Widawa \u2013 Paj\u0119czno (38,7 km)wyj\u015bcie grup: godz. 6:001. Widawa \u2013 Ochle 7,9 km2. Ochle \u2013 D\u0119by Wolskie (\u0142\u0105ka) 8,9 km3. D\u0119by Wolskie \u2013 Kie\u0142czyg\u0142\u00f3w (ko\u015bci\u00f3\u0142 pw. \u015aw. Antoniego z Padwy, Msza \u015aw., obiad) 8,3 km4. Kie\u0142czyg\u0142\u00f3w &#8211; Bia\u0142a Szlachecka (ko\u015bci\u00f3\u0142 pw. \u015aw. Jana Chrzciciela) 7,8 km5. Bia\u0142a Szlachecka &#8211; Paj\u0119czno 5,8 km &lt;&lt;Dzie\u0144 8 Dzie\u0144 [&hellip;]<\/p>\n","protected":false},"author":3,"featured_media":0,"parent":0,"menu_order":9,"comment_status":"closed","ping_status":"closed","template":"","meta":{"footnotes":""},"class_list":["post-386","page","type-page","status-publish","hentry","post-preview"],"jetpack_sharing_enabled":true,"_links":{"self":[{"href":"https:\/\/www.pielgrzymka.bydgoszcz.pl\/index.php?rest_route=\/wp\/v2\/pages\/386","targetHints":{"allow":["GET"]}}],"collection":[{"href":"https:\/\/www.pielgrzymka.bydgoszcz.pl\/index.php?rest_route=\/wp\/v2\/pages"}],"about":[{"href":"https:\/\/www.pielgrzymka.bydgoszcz.pl\/index.php?rest_route=\/wp\/v2\/types\/page"}],"author":[{"embeddable":true,"href":"https:\/\/www.pielgrzymka.bydgoszcz.pl\/index.php?rest_route=\/wp\/v2\/users\/3"}],"replies":[{"embeddable":true,"href":"https:\/\/www.pielgrzymka.bydgoszcz.pl\/index.php?rest_route=%2Fwp%2Fv2%2Fcomments&post=386"}],"version-history":[{"count":37,"href":"https:\/\/www.pielgrzymka.bydgoszcz.pl\/index.php?rest_route=\/wp\/v2\/pages\/386\/revisions"}],"predecessor-version":[{"id":1795,"href":"https:\/\/www.pielgrzymka.bydgoszcz.pl\/index.php?rest_route=\/wp\/v2\/pages\/386\/revisions\/1795"}],"wp:attachment":[{"href":"https:\/\/www.pielgrzymka.bydgoszcz.pl\/index.php?rest_route=%2Fwp%2Fv2%2Fmedia&parent=386"}],"curies":[{"name":"wp","href":"https:\/\/api.w.org\/{rel}","templated":true}]}}

dzień 9 (29.07)

<p><strong>Widawa – Pajęczno (38,7 km)</strong><br>wyjście grup: godz. 6:00<br>1. Widawa – Ochle 7,9 km<br>2. Ochle – Dęby Wolskie (łąka) 8,9 km<br>3. Dęby Wolskie – Kiełczygłów (kościół pw. Św. Antoniego z Padwy, Msza Św., obiad) 8,3 km<br>4. Kiełczygłów &#8211; Biała Szlachecka (kościół pw. Św. Jana Chrzciciela) 7,8 km<br>5. Biała Szlachecka &#8211; Pajęczno 5,8 km</p>


<p><iframe loading="lazy" src="https://www.google.com/maps/d/u/1/embed?mid=11ITuxhkUOQ1kkyg6NMftFXmUdIN4XO0&amp;ehbc=2E312F&amp;noprof=1" width="640" height="480"></iframe></p>


<div class="wp-block-columns is-layout-flex wp-container-core-columns-is-layout-9d6595d7 wp-block-columns-is-layout-flex">
<div class="wp-block-column is-layout-flow wp-block-column-is-layout-flow">
<p><strong><a href="https://www.pielgrzymka.bydgoszcz.pl/?page_id=384">&lt;&lt;Dzień 8</a></strong></p>
</div>



<div class="wp-block-column is-layout-flow wp-block-column-is-layout-flow">
<p class="has-text-align-left"><strong><a href="https://www.pielgrzymka.bydgoszcz.pl/?page_id=388">Dzień 10&gt;&gt;</a></strong></p>
</div>
</div>

<p>Widawa – Pajęczno (38,7 km)wyjście grup: godz. 6:001. Widawa – Ochle 7,9 km2. Ochle – Dęby Wolskie (łąka) 8,9 km3. Dęby Wolskie – Kiełczygłów (kościół pw. Św. Antoniego z Padwy, Msza Św., obiad) 8,3 km4. Kiełczygłów &#8211; Biała Szlachecka (kościół pw. Św. Jana Chrzciciela) 7,8 km5. Biała Szlachecka &#8211; Pajęczno 5,8 km &lt;&lt;Dzień 8 Dzień [&hellip;]</p>
