{"id":60,"date":"2020-05-08T23:28:39","date_gmt":"2020-05-08T21:28:39","guid":{"rendered":"https:\/\/pielgbdg.wordpress.com\/?page_id=60"},"modified":"2022-05-04T10:26:27","modified_gmt":"2022-05-04T08:26:27","slug":"grupy","status":"publish","type":"page","link":"https:\/\/www.pielgrzymka.bydgoszcz.pl\/?page_id=60","title":{"rendered":"Grupy"},"content":{"rendered":"\n<ul class=\"wp-block-list\"><li><strong><span class=\"has-inline-color has-dark-gray-color\"><a href=\"https:\/\/www.pielgrzymka.bydgoszcz.pl\/?page_id=222\">Bia\u0142o &#8211; \u017b\u00f3\u0142ta<\/a><\/span><\/strong><\/li><li><strong><span class=\"has-inline-color has-dark-gray-color\"><a href=\"https:\/\/www.pielgrzymka.bydgoszcz.pl\/?page_id=224\">Bia\u0142o &#8211; \u017b\u00f3\u0142ta (Fordon)<\/a><\/span><\/strong><\/li><li><strong><span class=\"has-inline-color has-dark-gray-color\"><a href=\"https:\/\/www.pielgrzymka.bydgoszcz.pl\/?page_id=226\">B\u0142\u0119kitna (S\u0119p\u00f3lno Kraje\u0144skie)<\/a><\/span><\/strong><\/li><li><strong><span class=\"has-inline-color has-dark-gray-color\"><a href=\"https:\/\/www.pielgrzymka.bydgoszcz.pl\/?page_id=230\">Br\u0105zowa<\/a><\/span><\/strong><\/li><li><strong><span class=\"has-inline-color has-dark-gray-color\"><a href=\"https:\/\/www.pielgrzymka.bydgoszcz.pl\/?page_id=232\">Czerwona<\/a><\/span><\/strong><\/li><li><strong><span class=\"has-inline-color has-dark-gray-color\"><a href=\"https:\/\/www.pielgrzymka.bydgoszcz.pl\/?page_id=234\">Czerwono &#8211; Czarna\/B\u0142\u0119kitno &#8211; Czarna<\/a><\/span><\/strong><\/li><li><strong><span class=\"has-inline-color has-dark-gray-color\"><a href=\"https:\/\/www.pielgrzymka.bydgoszcz.pl\/?page_id=236\">Przezroczysta<\/a><\/span><\/strong><\/li><li><strong><span class=\"has-inline-color has-dark-gray-color\"><a href=\"https:\/\/www.pielgrzymka.bydgoszcz.pl\/?page_id=238\">Srebrna (Nak\u0142o nad Noteci\u0105)<\/a><\/span><\/strong><\/li><li><strong><span class=\"has-inline-color has-dark-gray-color\"><a href=\"https:\/\/www.pielgrzymka.bydgoszcz.pl\/?page_id=240\">Zielono &#8211; \u017b\u00f3\u0142ta<\/a><\/span><\/strong><\/li><li><strong><span class=\"has-inline-color has-dark-gray-color\"><a href=\"https:\/\/www.pielgrzymka.bydgoszcz.pl\/?page_id=242\">Z\u0142ota (G\u00f3rka Klasztorna)<\/a><\/span><\/strong><\/li><li><strong><span class=\"has-inline-color has-dark-gray-color\"><a href=\"https:\/\/www.pielgrzymka.bydgoszcz.pl\/?page_id=244\">\u017b\u00f3\u0142ta (Szubin)<\/a><\/span><\/strong><\/li><\/ul>\n\n\n\n<figure class=\"wp-block-image size-large\"><img loading=\"lazy\" decoding=\"async\" width=\"1024\" height=\"706\" src=\"https:\/\/www.pielgrzymka.bydgoszcz.pl\/wp-content\/uploads\/2022\/05\/Diecezja_Bydgoska_mapa-1024x706.jpg\" alt=\"Diecezja\" class=\"wp-image-1238\" srcset=\"https:\/\/www.pielgrzymka.bydgoszcz.pl\/wp-content\/uploads\/2022\/05\/Diecezja_Bydgoska_mapa-1024x706.jpg 1024w, https:\/\/www.pielgrzymka.bydgoszcz.pl\/wp-content\/uploads\/2022\/05\/Diecezja_Bydgoska_mapa-300x207.jpg 300w, https:\/\/www.pielgrzymka.bydgoszcz.pl\/wp-content\/uploads\/2022\/05\/Diecezja_Bydgoska_mapa-768x530.jpg 768w, https:\/\/www.pielgrzymka.bydgoszcz.pl\/wp-content\/uploads\/2022\/05\/Diecezja_Bydgoska_mapa-1536x1059.jpg 1536w, https:\/\/www.pielgrzymka.bydgoszcz.pl\/wp-content\/uploads\/2022\/05\/Diecezja_Bydgoska_mapa-676x466.jpg 676w, https:\/\/www.pielgrzymka.bydgoszcz.pl\/wp-content\/uploads\/2022\/05\/Diecezja_Bydgoska_mapa.jpg 1969w\" sizes=\"auto, (max-width: 1024px) 100vw, 1024px\" \/><\/figure>\n","protected":false},"excerpt":{"rendered":"<p>Bia\u0142o &#8211; \u017b\u00f3\u0142ta Bia\u0142o &#8211; \u017b\u00f3\u0142ta (Fordon) B\u0142\u0119kitna (S\u0119p\u00f3lno Kraje\u0144skie) Br\u0105zowa Czerwona Czerwono &#8211; Czarna\/B\u0142\u0119kitno &#8211; Czarna Przezroczysta Srebrna (Nak\u0142o nad Noteci\u0105) Zielono &#8211; \u017b\u00f3\u0142ta Z\u0142ota (G\u00f3rka Klasztorna) \u017b\u00f3\u0142ta (Szubin)<\/p>\n","protected":false},"author":3,"featured_media":0,"parent":0,"menu_order":3,"comment_status":"closed","ping_status":"closed","template":"","meta":{"footnotes":""},"class_list":["post-60","page","type-page","status-publish","hentry","post-preview"],"jetpack_sharing_enabled":true,"_links":{"self":[{"href":"https:\/\/www.pielgrzymka.bydgoszcz.pl\/index.php?rest_route=\/wp\/v2\/pages\/60","targetHints":{"allow":["GET"]}}],"collection":[{"href":"https:\/\/www.pielgrzymka.bydgoszcz.pl\/index.php?rest_route=\/wp\/v2\/pages"}],"about":[{"href":"https:\/\/www.pielgrzymka.bydgoszcz.pl\/index.php?rest_route=\/wp\/v2\/types\/page"}],"author":[{"embeddable":true,"href":"https:\/\/www.pielgrzymka.bydgoszcz.pl\/index.php?rest_route=\/wp\/v2\/users\/3"}],"replies":[{"embeddable":true,"href":"https:\/\/www.pielgrzymka.bydgoszcz.pl\/index.php?rest_route=%2Fwp%2Fv2%2Fcomments&post=60"}],"version-history":[{"count":4,"href":"https:\/\/www.pielgrzymka.bydgoszcz.pl\/index.php?rest_route=\/wp\/v2\/pages\/60\/revisions"}],"predecessor-version":[{"id":1243,"href":"https:\/\/www.pielgrzymka.bydgoszcz.pl\/index.php?rest_route=\/wp\/v2\/pages\/60\/revisions\/1243"}],"wp:attachment":[{"href":"https:\/\/www.pielgrzymka.bydgoszcz.pl\/index.php?rest_route=%2Fwp%2Fv2%2Fmedia&parent=60"}],"curies":[{"name":"wp","href":"https:\/\/api.w.org\/{rel}","templated":true}]}}

<ul class="wp-block-list"><li><strong><span class="has-inline-color has-dark-gray-color"><a href="https://www.pielgrzymka.bydgoszcz.pl/?page_id=222">Biało &#8211; Żółta</a></span></strong></li><li><strong><span class="has-inline-color has-dark-gray-color"><a href="https://www.pielgrzymka.bydgoszcz.pl/?page_id=224">Biało &#8211; Żółta (Fordon)</a></span></strong></li><li><strong><span class="has-inline-color has-dark-gray-color"><a href="https://www.pielgrzymka.bydgoszcz.pl/?page_id=226">Błękitna (Sępólno Krajeńskie)</a></span></strong></li><li><strong><span class="has-inline-color has-dark-gray-color"><a href="https://www.pielgrzymka.bydgoszcz.pl/?page_id=230">Brązowa</a></span></strong></li><li><strong><span class="has-inline-color has-dark-gray-color"><a href="https://www.pielgrzymka.bydgoszcz.pl/?page_id=232">Czerwona</a></span></strong></li><li><strong><span class="has-inline-color has-dark-gray-color"><a href="https://www.pielgrzymka.bydgoszcz.pl/?page_id=234">Czerwono &#8211; Czarna/Błękitno &#8211; Czarna</a></span></strong></li><li><strong><span class="has-inline-color has-dark-gray-color"><a href="https://www.pielgrzymka.bydgoszcz.pl/?page_id=236">Przezroczysta</a></span></strong></li><li><strong><span class="has-inline-color has-dark-gray-color"><a href="https://www.pielgrzymka.bydgoszcz.pl/?page_id=238">Srebrna (Nakło nad Notecią)</a></span></strong></li><li><strong><span class="has-inline-color has-dark-gray-color"><a href="https://www.pielgrzymka.bydgoszcz.pl/?page_id=240">Zielono &#8211; Żółta</a></span></strong></li><li><strong><span class="has-inline-color has-dark-gray-color"><a href="https://www.pielgrzymka.bydgoszcz.pl/?page_id=242">Złota (Górka Klasztorna)</a></span></strong></li><li><strong><span class="has-inline-color has-dark-gray-color"><a href="https://www.pielgrzymka.bydgoszcz.pl/?page_id=244">Żółta (Szubin)</a></span></strong></li></ul>



<figure class="wp-block-image size-large"><img loading="lazy" decoding="async" width="1024" height="706" src="https://www.pielgrzymka.bydgoszcz.pl/wp-content/uploads/2022/05/Diecezja_Bydgoska_mapa-1024x706.jpg" alt="Diecezja" class="wp-image-1238" srcset="https://www.pielgrzymka.bydgoszcz.pl/wp-content/uploads/2022/05/Diecezja_Bydgoska_mapa-1024x706.jpg 1024w, https://www.pielgrzymka.bydgoszcz.pl/wp-content/uploads/2022/05/Diecezja_Bydgoska_mapa-300x207.jpg 300w, https://www.pielgrzymka.bydgoszcz.pl/wp-content/uploads/2022/05/Diecezja_Bydgoska_mapa-768x530.jpg 768w, https://www.pielgrzymka.bydgoszcz.pl/wp-content/uploads/2022/05/Diecezja_Bydgoska_mapa-1536x1059.jpg 1536w, https://www.pielgrzymka.bydgoszcz.pl/wp-content/uploads/2022/05/Diecezja_Bydgoska_mapa-676x466.jpg 676w, https://www.pielgrzymka.bydgoszcz.pl/wp-content/uploads/2022/05/Diecezja_Bydgoska_mapa.jpg 1969w" sizes="auto, (max-width: 1024px) 100vw, 1024px" /></figure>

<p>Biało &#8211; Żółta Biało &#8211; Żółta (Fordon) Błękitna (Sępólno Krajeńskie) Brązowa Czerwona Czerwono &#8211; Czarna/Błękitno &#8211; Czarna Przezroczysta Srebrna (Nakło nad Notecią) Zielono &#8211; Żółta Złota (Górka Klasztorna) Żółta (Szubin)</p>
